{"id":169,"date":"2014-12-18T17:38:55","date_gmt":"2014-12-18T18:38:55","guid":{"rendered":"http:\/\/www.asr-group.hr\/?page_id=169"},"modified":"2014-12-26T18:52:33","modified_gmt":"2014-12-26T19:52:33","slug":"razvoj-i-usluge","status":"publish","type":"page","link":"https:\/\/www.asr-group.hr\/?page_id=169","title":{"rendered":"Proizvodi i usluge"},"content":{"rendered":"<p>&nbsp;<\/p>\n<p style=\"padding-left: 30px;\"><a title=\"Integracija IT poslovnih sustava\" href=\"http:\/\/www.asr-group.hr\/?page_id=26\">Integracija poslovnih IT rje\u0161enja<\/a><\/p>\n<p style=\"padding-left: 30px;\"><a title=\"Razvoj programskih rje\u0161enja\" href=\"http:\/\/www.asr-group.hr\/?page_id=30\">Razvoj programskih rje\u0161enja<\/a><\/p>\n<p style=\"padding-left: 30px;\"><a title=\"Vlastita programska rje\u0161enja\" href=\"http:\/\/www.asr-group.hr\/?page_id=175\">ASR programska rje\u0161enja<\/a><\/p>\n<p style=\"padding-left: 60px;\"><a title=\"ASR Smartmetering\" href=\"http:\/\/www.asr-group.hr\/?portfolio=asr-smartmetering\">ASR Smartmetering<\/a><\/p>\n<p style=\"padding-left: 60px;\"><a title=\"ASR \u2013 preventivno odr\u017eavanje\" href=\"http:\/\/www.asr-group.hr\/?portfolio=asr-cmms-preventivno-odrzavanje\">ASR CMMS<\/a><\/p>\n<p style=\"padding-left: 60px;\"><a title=\"SmartOPC\" href=\"http:\/\/www.asr-group.hr\/?portfolio=smartopc\">ASR SmartOPC<\/a><\/p>\n<p style=\"padding-left: 30px;\">\n","protected":false},"excerpt":{"rendered":"<p>&nbsp; Integracija poslovnih IT rje\u0161enja Razvoj programskih rje\u0161enja ASR programska rje\u0161enja ASR Smartmetering ASR CMMS ASR SmartOPC<\/p>\n","protected":false},"author":1,"featured_media":0,"parent":0,"menu_order":0,"comment_status":"open","ping_status":"open","template":"page-fullwidth.php","meta":{"kt_blocks_editor_width":""},"_links":{"self":[{"href":"https:\/\/www.asr-group.hr\/index.php?rest_route=\/wp\/v2\/pages\/169"}],"collection":[{"href":"https:\/\/www.asr-group.hr\/index.php?rest_route=\/wp\/v2\/pages"}],"about":[{"href":"https:\/\/www.asr-group.hr\/index.php?rest_route=\/wp\/v2\/types\/page"}],"author":[{"embeddable":true,"href":"https:\/\/www.asr-group.hr\/index.php?rest_route=\/wp\/v2\/users\/1"}],"replies":[{"embeddable":true,"href":"https:\/\/www.asr-group.hr\/index.php?rest_route=%2Fwp%2Fv2%2Fcomments&post=169"}],"version-history":[{"count":4,"href":"https:\/\/www.asr-group.hr\/index.php?rest_route=\/wp\/v2\/pages\/169\/revisions"}],"predecessor-version":[{"id":313,"href":"https:\/\/www.asr-group.hr\/index.php?rest_route=\/wp\/v2\/pages\/169\/revisions\/313"}],"wp:attachment":[{"href":"https:\/\/www.asr-group.hr\/index.php?rest_route=%2Fwp%2Fv2%2Fmedia&parent=169"}],"curies":[{"name":"wp","href":"https:\/\/api.w.org\/{rel}","templated":true}]}}